{"id":781,"date":"2020-02-17T10:48:48","date_gmt":"2020-02-17T09:48:48","guid":{"rendered":"http:\/\/elcagette-roubaix.org\/?page_id=781"},"modified":"2021-01-19T15:04:04","modified_gmt":"2021-01-19T14:04:04","slug":"les-fromages","status":"publish","type":"page","link":"https:\/\/elcagette-roubaix.org\/?page_id=781","title":{"rendered":"les fromages"},"content":{"rendered":"<p>En ce moment, vous trouverez chaque semaine :<\/p>\n<p>&#8211; de la <strong>tomme d&rsquo;Orchies<\/strong><\/p>\n<p>&#8211; du <strong>fromage frais<\/strong> ail et fines herbes<\/p>\n<p>&#8211; du <strong>camembert<\/strong><\/p>\n<p>&#8211; du <strong>fromage fermier<\/strong> nature ou aromatis\u00e9 (orties, poivre&#8230;)<\/p>\n<p>produits par la <strong>Ferme de la Motte \u00e0 Nomain<\/strong> (P\u00e9v\u00e8le) o\u00f9 Antoine, Beno\u00eet et Christine Jean, trois fr\u00e8res et soeurs ont repris l&rsquo;\u00e9levage de leur p\u00e8re.<\/p>\n<p>Ils \u00e9l\u00e8vent des vaches et des ch\u00e8vres.<\/p>\n<p>Pour en savoir plus, un article de la Voix du Nord \u00e0 lire en cliquant <a href=\"https:\/\/www.lavoixdunord.fr\/art\/region\/nomain-la-ferme-de-la-motte-une-petite-entreprise-qui-ne-ia16b0n3317833\" target=\"_blank\" rel=\"noopener\">ICI.<\/a><\/p>\n<div id=\"ffenetremailtomailModal\" style=\"z-index: 20002;\">\n<div id=\"ffenetremailtopopupModalMail\"><\/div>\n<\/div>\n<div><\/div>\n<div>Et r\u00e9guli\u00e8rement, nous nous fournissons en fromage de qualit\u00e9 hors de la r\u00e9gion :<\/div>\n<div><span style=\"font-size: large;\">\u00a0<\/span><\/div>\n<h4><strong>&#8211; Cantal, tomme fra\u00eeche d&rsquo;aligot et tomme de Cezens<\/strong><\/h4>\n<div><span style=\"font-size: small;\">Ces trois fromages sont fabriqu\u00e9s et affin\u00e9s dans le <\/span><span style=\"font-size: small;\"><b>Cantal \u00e0 Pierrefort<\/b><\/span><span style=\"font-size: small;\"> par Mr et Mme Condutier, fromagers depuis plusieurs g\u00e9n\u00e9rations.<\/span><\/div>\n<div><span style=\"font-size: small;\"><b>Le cantal et la tomme fra\u00eeche d\u2019aligot<\/b><\/span><span style=\"font-size: small;\"> sont des produits au lait pasteuris\u00e9, <\/span><span style=\"font-size: small;\"><b>la tomme de Cezens<\/b><\/span><span style=\"font-size: small;\"> est fabriqu\u00e9e \u00e0 base de lait cru.\u00a0<\/span><span style=\"font-size: small;\">Les produits non bio sont labellis\u00e9s AOP. Le lait de qualit\u00e9 sup\u00e9rieure provient de la collecte en zone de montagne aupr\u00e8s de 23 producteurs r\u00e9pondant au cahier des charges. <a href=\"https:\/\/elcagette-roubaix.org\/?p=692\"><span style=\"color: #800080;\"><strong>Voir la recette de l&rsquo;aligot.<\/strong><\/span><\/a><\/span><\/div>\n<h4>&#8211; <strong>Comt\u00e9 et Morbier<\/strong><\/h4>\n<p><span style=\"font-size: small;\">La fromagerie se situe \u00e0 <\/span><span style=\"font-size: small;\"><b>Pontarlier dans le Doubs. <\/b><\/span><span style=\"font-size: small;\">Entreprise Familiale et ind\u00e9pendante, elle affine le<strong> c<\/strong><\/span><span style=\"font-size: small;\"><b>omt\u00e9 Badoz<\/b><\/span><span style=\"font-size: small;\"> dans un tunnel taill\u00e9 dans la pierre. La fromagerie est certifi\u00e9e ISO 22\u00a0000. <\/span><span style=\"font-size: small;\"><b>Le morbier et le cantal<\/b><\/span><span style=\"font-size: small;\"> sont fabriqu\u00e9s \u00e0 partir de lait de vaches p\u00e2turant \u00e0 une altitude moyenne de 900 m\u00e8tres et dans un rayon de 25 kms de la laiterie <\/span><\/p>\n<h4><strong>&#8211; Crottins de ch\u00e8vre<\/strong><\/h4>\n<p><span style=\"font-size: small;\">Ils viennent de l&rsquo;exploitation\u00a0<\/span><span style=\"font-size: small;\"><span style=\"font-size: small;\"> de<\/span><b style=\"font-size: small;\">\u00a0<\/b><span style=\"font-size: small;\"><b>Genevi\u00e8ve<\/b><\/span><b style=\"font-size: small;\">\u00a0Boisteau \u00e0 Attignat, dans l\u2019Ain, pr\u00e8s de Bourg en Bresse. <\/b><\/span><span style=\"font-size: small;\">Elle <\/span><span style=\"font-size: small;\">a cr\u00e9\u00e9 son \u00e9levage caprin en 2006 avec un troupeau de 20 ch\u00e8vres. Elle transforme la totalit\u00e9 du lait en fromages vendus sur place et au march\u00e9 du village. <\/span><span style=\"font-size: small;\">El&rsquo;Cagette est le seul client \u00ab\u00a0ext\u00e9rieur\u00a0\u00bb de Genevi\u00e8ve Boisteau qui appr\u00e9cie notre d\u00e9marche et lui offre un d\u00e9bouch\u00e9 compl\u00e9mentaire. <\/span><\/p>\n<h4>&#8211; <strong>Beaufort<\/strong><\/h4>\n<p>En provenance de la <strong>coop\u00e9rative laiti\u00e8re du Beaufortain. <\/strong><span style=\"font-size: small;\"><b>Beaufort<\/b><\/span><span style=\"font-size: small;\"> est l&rsquo;appellation d&rsquo;origine d&rsquo;un fromage au lait cru de vache, \u00e0 p\u00e2te press\u00e9e cuite<\/span><span style=\"color: #000000;\"><span style=\"font-size: small;\"> et affin\u00e9 au minimum durant 5 mois.\u00a0 <\/span><\/span><span style=\"color: #000000;\"><span style=\"font-size: small;\">Il est fabriqu\u00e9 en <\/span><\/span><span style=\"color: #000000;\"><span style=\"font-size: small;\"><b>Savoie<\/b><\/span><\/span><span style=\"color: #000000;\"><span style=\"font-size: small;\"> dans une zone d\u00e9limit\u00e9e aux vall\u00e9es du Beaufortin, de la Tarentaise, de la Maurienne et \u00e0 une partie du val d\u2019Arly. <\/span><\/span><span style=\"color: #000000;\"><span style=\"font-size: small;\">Produit non bio labellis\u00e9 AOP (Appelation d\u2019Origine Prot\u00e9g\u00e9e). Le cahier des charges pr\u00e9cise que le lait doit provenir exclusivement de vaches Tarine et Abondance dont l\u2019alimentation doit \u00eatre compos\u00e9e de <\/span><\/span><span style=\"color: #000000;\"><span style=\"font-size: small;\"><b>foin en hiver<\/b><\/span><\/span><span style=\"color: #000000;\"><span style=\"font-size: small;\"> et <\/span><\/span><span style=\"color: #000000;\"><span style=\"font-size: small;\"><b>d\u2019herbe p\u00e2tur\u00e9e dans les alpages en \u00e9t\u00e9<\/b><\/span><\/span><span style=\"color: #000000;\"><span style=\"font-size: small;\">. L\u2019utilisation de l\u2019ensilage est interdite.<\/span><\/span><\/p>\n<p><span style=\"font-size: small;\">Son go\u00fbt est typ\u00e9 et fruit\u00e9, sa texture ferme \u00e0 l&rsquo;attaque en bouche puis fondante, il se d\u00e9guste toute l\u2019ann\u00e9e et est appr\u00e9ci\u00e9 autant des enfants que des adultes.<\/span><\/p>\n","protected":false},"excerpt":{"rendered":"<p>En ce moment, vous trouverez chaque semaine : &#8211; de la tomme d&rsquo;Orchies &#8211; du fromage frais ail et fines herbes &#8211; du camembert &#8211; du fromage fermier nature ou&hellip;<\/p>\n","protected":false},"author":1,"featured_media":0,"parent":0,"menu_order":0,"comment_status":"closed","ping_status":"closed","template":"","meta":{"footnotes":""},"class_list":["post-781","page","type-page","status-publish","hentry","no-post-thumbnail"],"_links":{"self":[{"href":"https:\/\/elcagette-roubaix.org\/index.php?rest_route=\/wp\/v2\/pages\/781","targetHints":{"allow":["GET"]}}],"collection":[{"href":"https:\/\/elcagette-roubaix.org\/index.php?rest_route=\/wp\/v2\/pages"}],"about":[{"href":"https:\/\/elcagette-roubaix.org\/index.php?rest_route=\/wp\/v2\/types\/page"}],"author":[{"embeddable":true,"href":"https:\/\/elcagette-roubaix.org\/index.php?rest_route=\/wp\/v2\/users\/1"}],"replies":[{"embeddable":true,"href":"https:\/\/elcagette-roubaix.org\/index.php?rest_route=%2Fwp%2Fv2%2Fcomments&post=781"}],"version-history":[{"count":13,"href":"https:\/\/elcagette-roubaix.org\/index.php?rest_route=\/wp\/v2\/pages\/781\/revisions"}],"predecessor-version":[{"id":1007,"href":"https:\/\/elcagette-roubaix.org\/index.php?rest_route=\/wp\/v2\/pages\/781\/revisions\/1007"}],"wp:attachment":[{"href":"https:\/\/elcagette-roubaix.org\/index.php?rest_route=%2Fwp%2Fv2%2Fmedia&parent=781"}],"curies":[{"name":"wp","href":"https:\/\/api.w.org\/{rel}","templated":true}]}}

<p>En ce moment, vous trouverez chaque semaine :</p>
<p>&#8211; de la <strong>tomme d&rsquo;Orchies</strong></p>
<p>&#8211; du <strong>fromage frais</strong> ail et fines herbes</p>
<p>&#8211; du <strong>camembert</strong></p>
<p>&#8211; du <strong>fromage fermier</strong> nature ou aromatisé (orties, poivre&#8230;)</p>
<p>produits par la <strong>Ferme de la Motte à Nomain</strong> (Pévèle) où Antoine, Benoît et Christine Jean, trois frères et soeurs ont repris l&rsquo;élevage de leur père.</p>
<p>Ils élèvent des vaches et des chèvres.</p>
<p>Pour en savoir plus, un article de la Voix du Nord à lire en cliquant <a href="https://www.lavoixdunord.fr/art/region/nomain-la-ferme-de-la-motte-une-petite-entreprise-qui-ne-ia16b0n3317833" target="_blank" rel="noopener">ICI.</a></p>
<div id="ffenetremailtomailModal" style="z-index: 20002;">
<div id="ffenetremailtopopupModalMail"></div>
</div>
<div></div>
<div>Et régulièrement, nous nous fournissons en fromage de qualité hors de la région :</div>
<div><span style="font-size: large;"> </span></div>
<h4><strong>&#8211; Cantal, tomme fraîche d&rsquo;aligot et tomme de Cezens</strong></h4>
<div><span style="font-size: small;">Ces trois fromages sont fabriqués et affinés dans le </span><span style="font-size: small;"><b>Cantal à Pierrefort</b></span><span style="font-size: small;"> par Mr et Mme Condutier, fromagers depuis plusieurs générations.</span></div>
<div><span style="font-size: small;"><b>Le cantal et la tomme fraîche d’aligot</b></span><span style="font-size: small;"> sont des produits au lait pasteurisé, </span><span style="font-size: small;"><b>la tomme de Cezens</b></span><span style="font-size: small;"> est fabriquée à base de lait cru. </span><span style="font-size: small;">Les produits non bio sont labellisés AOP. Le lait de qualité supérieure provient de la collecte en zone de montagne auprès de 23 producteurs répondant au cahier des charges. <a href="https://elcagette-roubaix.org/?p=692"><span style="color: #800080;"><strong>Voir la recette de l&rsquo;aligot.</strong></span></a></span></div>
<h4>&#8211; <strong>Comté et Morbier</strong></h4>
<p><span style="font-size: small;">La fromagerie se situe à </span><span style="font-size: small;"><b>Pontarlier dans le Doubs. </b></span><span style="font-size: small;">Entreprise Familiale et indépendante, elle affine le<strong> c</strong></span><span style="font-size: small;"><b>omté Badoz</b></span><span style="font-size: small;"> dans un tunnel taillé dans la pierre. La fromagerie est certifiée ISO 22 000. </span><span style="font-size: small;"><b>Le morbier et le cantal</b></span><span style="font-size: small;"> sont fabriqués à partir de lait de vaches pâturant à une altitude moyenne de 900 mètres et dans un rayon de 25 kms de la laiterie </span></p>
<h4><strong>&#8211; Crottins de chèvre</strong></h4>
<p><span style="font-size: small;">Ils viennent de l&rsquo;exploitation </span><span style="font-size: small;"><span style="font-size: small;"> de</span><b style="font-size: small;"> </b><span style="font-size: small;"><b>Geneviève</b></span><b style="font-size: small;"> Boisteau à Attignat, dans l’Ain, près de Bourg en Bresse. </b></span><span style="font-size: small;">Elle </span><span style="font-size: small;">a créé son élevage caprin en 2006 avec un troupeau de 20 chèvres. Elle transforme la totalité du lait en fromages vendus sur place et au marché du village. </span><span style="font-size: small;">El&rsquo;Cagette est le seul client « extérieur » de Geneviève Boisteau qui apprécie notre démarche et lui offre un débouché complémentaire. </span></p>
<h4>&#8211; <strong>Beaufort</strong></h4>
<p>En provenance de la <strong>coopérative laitière du Beaufortain. </strong><span style="font-size: small;"><b>Beaufort</b></span><span style="font-size: small;"> est l&rsquo;appellation d&rsquo;origine d&rsquo;un fromage au lait cru de vache, à pâte pressée cuite</span><span style="color: #000000;"><span style="font-size: small;"> et affiné au minimum durant 5 mois.  </span></span><span style="color: #000000;"><span style="font-size: small;">Il est fabriqué en </span></span><span style="color: #000000;"><span style="font-size: small;"><b>Savoie</b></span></span><span style="color: #000000;"><span style="font-size: small;"> dans une zone délimitée aux vallées du Beaufortin, de la Tarentaise, de la Maurienne et à une partie du val d’Arly. </span></span><span style="color: #000000;"><span style="font-size: small;">Produit non bio labellisé AOP (Appelation d’Origine Protégée). Le cahier des charges précise que le lait doit provenir exclusivement de vaches Tarine et Abondance dont l’alimentation doit être composée de </span></span><span style="color: #000000;"><span style="font-size: small;"><b>foin en hiver</b></span></span><span style="color: #000000;"><span style="font-size: small;"> et </span></span><span style="color: #000000;"><span style="font-size: small;"><b>d’herbe pâturée dans les alpages en été</b></span></span><span style="color: #000000;"><span style="font-size: small;">. L’utilisation de l’ensilage est interdite.</span></span></p>
<p><span style="font-size: small;">Son goût est typé et fruité, sa texture ferme à l&rsquo;attaque en bouche puis fondante, il se déguste toute l’année et est apprécié autant des enfants que des adultes.</span></p>
