{"id":380,"date":"2018-10-16T20:41:00","date_gmt":"2018-10-16T18:41:00","guid":{"rendered":"http:\/\/elcagette-roubaix.org\/?page_id=380"},"modified":"2023-04-28T14:40:07","modified_gmt":"2023-04-28T12:40:07","slug":"le-miel","status":"publish","type":"page","link":"https:\/\/elcagette-roubaix.org\/?page_id=380","title":{"rendered":"Le miel"},"content":{"rendered":"<p>Notre miel vient de Sa\u00f4ne et Loire, des ruches de Pierre Verniau. <img loading=\"lazy\" decoding=\"async\" class=\"size-medium wp-image-552 alignright\" src=\"https:\/\/elcagette-roubaix.org\/wp-content\/uploads\/2018\/10\/ruches-300x200.jpg\" alt=\"\" width=\"300\" height=\"200\" srcset=\"https:\/\/elcagette-roubaix.org\/wp-content\/uploads\/2018\/10\/ruches-300x200.jpg 300w, https:\/\/elcagette-roubaix.org\/wp-content\/uploads\/2018\/10\/ruches-768x512.jpg 768w, https:\/\/elcagette-roubaix.org\/wp-content\/uploads\/2018\/10\/ruches-1024x683.jpg 1024w, https:\/\/elcagette-roubaix.org\/wp-content\/uploads\/2018\/10\/ruches-600x400.jpg 600w\" sizes=\"auto, (max-width: 300px) 100vw, 300px\" \/><\/p>\n<p>Les ruchers sont install\u00e9s sur des prairies biologiques, tous les traitements et l&rsquo;alimentation des abeilles sont conformes au cahier des charges de l&rsquo;agriculture bio.<\/p>\n<p>Nous profitons des trajets d&rsquo;une adh\u00e9rente qui va souvent en Bourgogne pour r\u00e9cup\u00e9rer le miel. Pas de kilom\u00e8tre suppl\u00e9mentaire pour notre approvisionnement, m\u00eame s&rsquo;il n&rsquo;est pas local !<\/p>\n<p>&nbsp;<\/p>\n<p>En ce moment, au hangar d&rsquo;El&rsquo;cagette, vous trouverez\u00a0 4 vari\u00e9t\u00e9s de miel:<\/p>\n<p>&#8211; acacia : 7 \u20ac le pot de 500g<\/p>\n<p>&#8211; for\u00eat : 7 \u20ac le pot de 500g<\/p>\n<p>&#8211; fleurs de printemps: 6,5 \u20ac le pot de 500g<\/p>\n<p>&#8211; fleurs d&rsquo;\u00e9t\u00e9: 6,5 \u20ac le pot de 500g<\/p>\n<p><img loading=\"lazy\" decoding=\"async\" class=\"alignnone size-medium wp-image-553\" src=\"https:\/\/elcagette-roubaix.org\/wp-content\/uploads\/2018\/10\/miel-300x195.png\" alt=\"\" width=\"300\" height=\"195\" srcset=\"https:\/\/elcagette-roubaix.org\/wp-content\/uploads\/2018\/10\/miel-300x195.png 300w, https:\/\/elcagette-roubaix.org\/wp-content\/uploads\/2018\/10\/miel-768x500.png 768w, https:\/\/elcagette-roubaix.org\/wp-content\/uploads\/2018\/10\/miel-600x390.png 600w, https:\/\/elcagette-roubaix.org\/wp-content\/uploads\/2018\/10\/miel.png 790w\" sizes=\"auto, (max-width: 300px) 100vw, 300px\" \/><\/p>\n","protected":false},"excerpt":{"rendered":"<p>Notre miel vient de Sa\u00f4ne et Loire, des ruches de Pierre Verniau. Les ruchers sont install\u00e9s sur des prairies biologiques, tous les traitements et l&rsquo;alimentation des abeilles sont conformes au&hellip;<\/p>\n","protected":false},"author":1,"featured_media":0,"parent":0,"menu_order":0,"comment_status":"closed","ping_status":"closed","template":"","meta":{"footnotes":""},"class_list":["post-380","page","type-page","status-publish","hentry","no-post-thumbnail"],"_links":{"self":[{"href":"https:\/\/elcagette-roubaix.org\/index.php?rest_route=\/wp\/v2\/pages\/380","targetHints":{"allow":["GET"]}}],"collection":[{"href":"https:\/\/elcagette-roubaix.org\/index.php?rest_route=\/wp\/v2\/pages"}],"about":[{"href":"https:\/\/elcagette-roubaix.org\/index.php?rest_route=\/wp\/v2\/types\/page"}],"author":[{"embeddable":true,"href":"https:\/\/elcagette-roubaix.org\/index.php?rest_route=\/wp\/v2\/users\/1"}],"replies":[{"embeddable":true,"href":"https:\/\/elcagette-roubaix.org\/index.php?rest_route=%2Fwp%2Fv2%2Fcomments&post=380"}],"version-history":[{"count":9,"href":"https:\/\/elcagette-roubaix.org\/index.php?rest_route=\/wp\/v2\/pages\/380\/revisions"}],"predecessor-version":[{"id":1391,"href":"https:\/\/elcagette-roubaix.org\/index.php?rest_route=\/wp\/v2\/pages\/380\/revisions\/1391"}],"wp:attachment":[{"href":"https:\/\/elcagette-roubaix.org\/index.php?rest_route=%2Fwp%2Fv2%2Fmedia&parent=380"}],"curies":[{"name":"wp","href":"https:\/\/api.w.org\/{rel}","templated":true}]}}

<p>Notre miel vient de Saône et Loire, des ruches de Pierre Verniau. <img loading="lazy" decoding="async" class="size-medium wp-image-552 alignright" src="https://elcagette-roubaix.org/wp-content/uploads/2018/10/ruches-300x200.jpg" alt="" width="300" height="200" srcset="https://elcagette-roubaix.org/wp-content/uploads/2018/10/ruches-300x200.jpg 300w, https://elcagette-roubaix.org/wp-content/uploads/2018/10/ruches-768x512.jpg 768w, https://elcagette-roubaix.org/wp-content/uploads/2018/10/ruches-1024x683.jpg 1024w, https://elcagette-roubaix.org/wp-content/uploads/2018/10/ruches-600x400.jpg 600w" sizes="auto, (max-width: 300px) 100vw, 300px" /></p>
<p>Les ruchers sont installés sur des prairies biologiques, tous les traitements et l&rsquo;alimentation des abeilles sont conformes au cahier des charges de l&rsquo;agriculture bio.</p>
<p>Nous profitons des trajets d&rsquo;une adhérente qui va souvent en Bourgogne pour récupérer le miel. Pas de kilomètre supplémentaire pour notre approvisionnement, même s&rsquo;il n&rsquo;est pas local !</p>
<p>&nbsp;</p>
<p>En ce moment, au hangar d&rsquo;El&rsquo;cagette, vous trouverez  4 variétés de miel:</p>
<p>&#8211; acacia : 7 € le pot de 500g</p>
<p>&#8211; forêt : 7 € le pot de 500g</p>
<p>&#8211; fleurs de printemps: 6,5 € le pot de 500g</p>
<p>&#8211; fleurs d&rsquo;été: 6,5 € le pot de 500g</p>
<p><img loading="lazy" decoding="async" class="alignnone size-medium wp-image-553" src="https://elcagette-roubaix.org/wp-content/uploads/2018/10/miel-300x195.png" alt="" width="300" height="195" srcset="https://elcagette-roubaix.org/wp-content/uploads/2018/10/miel-300x195.png 300w, https://elcagette-roubaix.org/wp-content/uploads/2018/10/miel-768x500.png 768w, https://elcagette-roubaix.org/wp-content/uploads/2018/10/miel-600x390.png 600w, https://elcagette-roubaix.org/wp-content/uploads/2018/10/miel.png 790w" sizes="auto, (max-width: 300px) 100vw, 300px" /></p>

<p>Notre miel vient de Saône et Loire, des ruches de Pierre Verniau. Les ruchers sont installés sur des prairies biologiques, tous les traitements et l&rsquo;alimentation des abeilles sont conformes au&hellip;</p>
