{"id":220,"date":"2018-09-19T17:13:51","date_gmt":"2018-09-19T15:13:51","guid":{"rendered":"http:\/\/elcagette-roubaix.org\/?page_id=220"},"modified":"2025-07-06T18:46:43","modified_gmt":"2025-07-06T16:46:43","slug":"contactez-nous","status":"publish","type":"page","link":"https:\/\/elcagette-roubaix.org\/?page_id=220","title":{"rendered":"Contactez-nous!"},"content":{"rendered":"<p>Ne cherchez pas de formulaire d&rsquo;adh\u00e9sion sur ce site, vous n&rsquo;en trouverez pas !<\/p>\n<p>El Cagette fonctionne gr\u00e2ce \u00e0 la<span style=\"color: #008000;\"> <strong>participation active de chacun et privil\u00e9gie le contact humain<\/strong><\/span>, alors venez nous voir !<\/p>\n<p>Notre adresse : 78 rue Descartes 59100 ROUBAIX -&gt; entr\u00e9e par la rue Salomon De Caus.<\/p>\n<p class=\"text-build-content\" data-testid=\"8vq5U7rjRcu\"><b><u>Horaires d&rsquo;ouverture<\/u><\/b><\/p>\n<p class=\"text-build-content\" data-testid=\"8vq5U7rjRcu\"><b>Mercredi<\/b><b> : <\/b><b>13h &#8211; 19h30<\/b><\/p>\n<p class=\"text-build-content\" data-testid=\"8vq5U7rjRcu\"><b>Jeudi<\/b><b> : <\/b><b>9h30 &#8211; 13h &amp; 15h &#8211; 19h<\/b><\/p>\n<p class=\"text-build-content\" data-testid=\"8vq5U7rjRcu\"><b>Vendredi<\/b> : <b>9h30 &#8211; 13h &amp; 15h &#8211; 19h<\/b><\/p>\n<p class=\"text-build-content\" data-testid=\"8vq5U7rjRcu\">\u00a0<b>Samedi<\/b> : <b>9h30 &#8211; 12h30<\/b><\/p>\n<ul>\n<li>T\u00e9l\u00e9phonez \u00e0 Anne : 06 03 44 78 11<\/li>\n<li>Consultez notre page <a href=\"https:\/\/www.facebook.com\/elCagetteRoubaix\/\">Facebook <\/a><\/li>\n<li>N&rsquo;Envoyez pas un mail avec le formulaire ci-dessous, nous ne le recevrons pas ! ( r\u00e9solution du pb en cours ) :<\/li>\n<\/ul>\n<p><div class=\"wpforms-container wpforms-container-full\" id=\"wpforms-132\"><form id=\"wpforms-form-132\" class=\"wpforms-validate wpforms-form\" data-formid=\"132\" method=\"post\" enctype=\"multipart\/form-data\" action=\"\/index.php?rest_route=%2Fwp%2Fv2%2Fpages%2F220\" data-token=\"302f2580fbb5537f9a5c45b7c23ca190\" data-token-time=\"1775407987\"><noscript class=\"wpforms-error-noscript\">Veuillez activer JavaScript dans votre navigateur pour remplir ce formulaire.<\/noscript><div class=\"wpforms-field-container\"><div id=\"wpforms-132-field_0-container\" class=\"wpforms-field wpforms-field-name\" data-field-id=\"0\"><label class=\"wpforms-field-label\" for=\"wpforms-132-field_0\">Nom et pr\u00e9nom <span class=\"wpforms-required-label\">*<\/span><\/label><input type=\"text\" id=\"wpforms-132-field_0\" class=\"wpforms-field-medium wpforms-field-required\" name=\"wpforms[fields][0]\" required><\/div><div id=\"wpforms-132-field_1-container\" class=\"wpforms-field wpforms-field-email\" data-field-id=\"1\"><label class=\"wpforms-field-label\" for=\"wpforms-132-field_1\">Adresse mail <span class=\"wpforms-required-label\">*<\/span><\/label><input type=\"email\" id=\"wpforms-132-field_1\" class=\"wpforms-field-medium wpforms-field-required\" name=\"wpforms[fields][1]\" spellcheck=\"false\" required><\/div><div id=\"wpforms-132-field_2-container\" class=\"wpforms-field wpforms-field-textarea\" data-field-id=\"2\"><label class=\"wpforms-field-label\" for=\"wpforms-132-field_2\">Votre message <span class=\"wpforms-required-label\">*<\/span><\/label><textarea id=\"wpforms-132-field_2\" class=\"wpforms-field-medium wpforms-field-required\" name=\"wpforms[fields][2]\" required><\/textarea><\/div><\/div><!-- .wpforms-field-container --><div class=\"wpforms-field wpforms-field-hp\"><label for=\"wpforms-132-field-hp\" class=\"wpforms-field-label\">Comment<\/label><input type=\"text\" name=\"wpforms[hp]\" id=\"wpforms-132-field-hp\" class=\"wpforms-field-medium\"><\/div><div class=\"wpforms-submit-container\" ><input type=\"hidden\" name=\"wpforms[id]\" value=\"132\"><input type=\"hidden\" name=\"page_title\" value=\"\"><input type=\"hidden\" name=\"page_url\" value=\"https:\/\/elcagette-roubaix.org\/index.php?rest_route=\/wp\/v2\/pages\/220\"><input type=\"hidden\" name=\"url_referer\" value=\"\"><button type=\"submit\" name=\"wpforms[submit]\" id=\"wpforms-submit-132\" class=\"wpforms-submit\" data-alt-text=\"Sending...\" data-submit-text=\"Envoyer\" aria-live=\"assertive\" value=\"wpforms-submit\">Envoyer<\/button><\/div><\/form><\/div>  <!-- .wpforms-container --><img \/><\/p>\n<div id=\"ffenetremailtomailModal\" style=\"z-index: 20002;\">\n<div id=\"ffenetremailtopopupModalMail\"><\/div>\n<\/div>\n","protected":false},"excerpt":{"rendered":"<p>Ne cherchez pas de formulaire d&rsquo;adh\u00e9sion sur ce site, vous n&rsquo;en trouverez pas ! El Cagette fonctionne gr\u00e2ce \u00e0 la participation active de chacun et privil\u00e9gie le contact humain, alors&hellip;<\/p>\n","protected":false},"author":1,"featured_media":0,"parent":0,"menu_order":0,"comment_status":"closed","ping_status":"closed","template":"","meta":{"footnotes":""},"class_list":["post-220","page","type-page","status-publish","hentry","no-post-thumbnail"],"_links":{"self":[{"href":"https:\/\/elcagette-roubaix.org\/index.php?rest_route=\/wp\/v2\/pages\/220","targetHints":{"allow":["GET"]}}],"collection":[{"href":"https:\/\/elcagette-roubaix.org\/index.php?rest_route=\/wp\/v2\/pages"}],"about":[{"href":"https:\/\/elcagette-roubaix.org\/index.php?rest_route=\/wp\/v2\/types\/page"}],"author":[{"embeddable":true,"href":"https:\/\/elcagette-roubaix.org\/index.php?rest_route=\/wp\/v2\/users\/1"}],"replies":[{"embeddable":true,"href":"https:\/\/elcagette-roubaix.org\/index.php?rest_route=%2Fwp%2Fv2%2Fcomments&post=220"}],"version-history":[{"count":28,"href":"https:\/\/elcagette-roubaix.org\/index.php?rest_route=\/wp\/v2\/pages\/220\/revisions"}],"predecessor-version":[{"id":1849,"href":"https:\/\/elcagette-roubaix.org\/index.php?rest_route=\/wp\/v2\/pages\/220\/revisions\/1849"}],"wp:attachment":[{"href":"https:\/\/elcagette-roubaix.org\/index.php?rest_route=%2Fwp%2Fv2%2Fmedia&parent=220"}],"curies":[{"name":"wp","href":"https:\/\/api.w.org\/{rel}","templated":true}]}}